**2 + 13*f - 6. Let u be g(6). Determine q(u).
-7
Let d(q) = 13*q - 9. Let o(h) = -2*h - 2. Let p(b) = d(b) + 2*o(b). Let a(t) = t**2 + 2. Let g be a(0). Calculate p(g).
5
Let j(g) be the first derivative of 9*g**4/4 - 4*g**3/3 - 3*g**2/2 - 6*g - 23. Let p be j(4). Let z be p/133 - 4/(-14). Let m(d) = d + 2. Determine m(z).
6
Let x = -6894 - -6894. Let h(v) be the second derivative of -11*v + 0*v**3 + x + 7/2*v**2 - 1/12*v**4. Determine h(0).
7
Let b be 35/70*-3*(-8)/3. Suppose -2*x + b*x + 12 = -q, -3*q = -6. Let f(y) = y**2 + 8*y + 15. What is f(x)?
8
Let s(l) = -l + 6. Let g(y) = 3*y - 13. Let n(c) = -3*g(c) - 7*s(c). Suppose -15*j - 22 = -4*j. Give n(j).
1
Let l(f) = -7*f**2 + 2*f - 1. Let p be (-3 - (-1 + 0))*-2. Suppose -p*b - 45 = -9*b. Let g be -2*((-9)/2)/b. Determine l(g).
-6
Let n(a) = -a - 1. Suppose 0 = -z + 4*l - 28, 24 = 5*l - 1. Let h be z/28 + 130/(-35). What is n(h)?
3
Let m(b) = 5*b**2 + 11*b + 17. Let r be m(-2). Let j(p) = -r + 6 - 4*p + 5*p - 13 - 1. Calculate j(8).
-15
Let z(s) be the second derivative of s**3/3 + 10*s**2 - 3145*s. What is z(-15)?
-10
Let t be -5*4/(-20) - -2. Suppose -6*b = -t*b + n + 2, 0 = 2*b + 3*n + 6. Let f(p) = -p - 7. Give f(b).
-7
Let w = 3876 - 3903. Let z(c) = -c**3 - 27*c**2 + 30. Calculate z(w).
30
Suppose -h - 5 = -2*h. Suppose h*s = -2*s + 455. Let m(t) = -2*t - 143 + 73 + s + 0*t. Determine m(-5).
5
Suppose 1169*s = 1262*s - 465. Let b(x) = x + 10. Calculate b(s).
15
Let f(d) = d + 1 + 3*d - 3*d**2 - 5*d - 5*d. Let j(m) be the third derivative of m**5/15 + m**4/4 - m**3/3 - 32*m**2. Let p(g) = 3*f(g) + 2*j(g). Give p(-4).
7
Let n(i) = 6*i + 124. Let q be n(-20). Suppose 0 = -q*l + 5*m - 29, -2*l = -3*m - 7 + 22. Let z(y) = 4*y + 18. Determine z(l).
-6
Let t(s) = -4*s**2 + 83*s + 26. Let z = -10197 + 10218. Determine t(z).
5
Let i(z) = z**2 + 7*z + 3. Let t(f) = 28*f**2 + 24*f + 8. Let o(m) = -3*i(m) + t(m). Give o(-2).
93
Let m = 36310 + -36296. Let b(o) = -o**2 + 11*o - 3. What is b(m)?
-45
Let f(o) = 149 - 337*o - 349*o + 116 + 738*o. Calculate f(-5).
5
Suppose -m - 5 + 13 = 0. Let q be 2*1 - (m - 10). Let y(u) = 27*u**2 - u**3 - 23*u**2 + 2*u + 0 - 9 + 11. Give y(q).
10
Let l(t) = -t**3 - 5*t**2 + 9*t - 1. Let v be -1*(-56)/24*(-2 + -1). Determine l(v).
34
Let z(s) = -s**3 + 7*s**2 - s + 3. Suppose 15*d + 10 = -80. Let m be d*(133/(-42) + 2). Give z(m).
-4
Let s(z) = z + 6. Let g(q) be the first derivative of q**2/2 + 8*q - 27. Let n(b) = -5*g(b) + 6*s(b). Determine n(-6).
-10
Let c(m) = -m**2 + 13*m - 28. Let u(y) = y**2 - 9*y + 17. Let f be u(8). Let l be c(f). Let o(j) = 3*j + 5. What is o(l)?
29
Let y(a) = 5*a**3 + 8*a**2 + 37*a - 15. Let b(w) = 2*w**3 + 4*w**2 + 15*w - 7. Let r(g) = -7*b(g) + 3*y(g). Determine r(3).
13
Let w(c) = 259045 + 3*c**2 - 259035 - 4*c**3 + 3*c**3. What is w(3)?
10
Let j(p) be the first derivative of -p**4/2 + p**3/3 - 2*p - 6. Let g(q) = -q**3 + 22*q**2 - 76*q - 155. Let x be g(17). Give j(x).
18
Let p(m) = -4 - 7*m + m**3 - 13 + 1 - 8*m**2. Let h(a) = a**3 - 8*a**2 - 7*a - 15. Suppose -6*i = -10*i - 24. Let o(z) = i*h(z) + 5*p(z). What is o(9)?
-8
Suppose -5*b + 7 = -q, q + 5*b + 1 = 7*b. Suppose -q*a = 5*k + 33, -3*a + 0*a - 3*k = 39. Let t(i) = i + 23. What is t(a)?
7
Let k(j) be the third derivative of -j**6/120 + 3*j**5/20 + 7*j**4/12 + 7*j**3/3 - 1733*j**2. Calculate k(11).
-74
Let q(v) = 5*v**2 - v + v - 48*v**2. Let t be (-70)/(-56)*-18*(96/(-135))/16. Calculate q(t).
-43
Let w(v) = 2*v**2 + 7*v - 6. Let f = -35 - -37. Let c be w(f). Suppose 43 = 4*m + 5*q, -3*m + 3*q = -4*m + c. Let j(s) = 2*s - 9. Determine j(m).
5
Let i(x) be the second derivative of x**4/4 + 5*x**3/6 - 5*x**2 + 635*x. What is i(4)?
58
Let i(v) = 10*v - 2. Let j(x) = -6*x + 60. Let n be j(10). Suppose 4*y - 5*h + h + 24 = n, 3*y - 6 = -3*h. Determine i(y).
-22
Let a(r) = r**3 - r**2 - 2*r - 3. Let v be (-3)/(4 - 95/20). Suppose 6 + 6 = v*y. Suppose -6*b - 7 = -f - y*b, b = 5*f + 7. Determine a(f).
-11
Let f be -1 + 3 + -1 + 0. Let b(g) = g**2 - g + 66. Let s be b(0). Let q(x) = -8 + 69*x**3 - s*x**3 + 7 + x**2. What is q(f)?
3
Let c(y) be the first derivative of 222 - 1/3*y**3 + 0*y + 1/2*y**2. What is c(4)?
-12
Let v = 83 + -54. Let q = -24 + v. Let t(z) = 7 + 5*z**2 - 2 - 4*z**2 - 6*z + z. Give t(q).
5
Suppose 4*b - 5*b + 7 = 0. Let j(v) = -13*v**2 + 59*v - 78. Let l(o) = 3*o**2 - 14*o + 18. Let z(i) = -2*j(i) - 9*l(i). Calculate z(b).
1
Suppose 40*y + y - 246 = 0. Let x(u) = -8*u + 9. Determine x(y).
-39
Let p(i) = -3*i**2 + 9*i + 17. Let r(u) = 3*u**2 - 11*u - 20. Let k(f) = 6*p(f) + 5*r(f). Let y = -20 - -41. Let t = y + -19. Calculate k(t).
-12
Let c be (-1 + 2)*2*-4. Let f(n) be the third derivative of -1/60*n**5 - n**2 + 0*n - 3/8*n**4 + 0 - 5/3*n**3. Give f(c).
-2
Suppose -4*r + 5*h + 54 = -0*h, -4*r - h = -42. Let v(b) = r + 2*b + 2*b - 5*b - 3. What is v(-5)?
13
Let z(c) be the third derivative of c**4/24 + 5*c**3/3 + c**2 - 52. Determine z(-9).
1
Let y(k) be the first derivative of 2*k**3/3 - 47*k**2/2 - 152*k - 12826. Calculate y(-3).
7
Let b(z) = -9*z**2 + 10*z**3 + 14*z - 11*z**3 - 6 - 5*z. Let x be b(-10). Let n(y) = -y**3 + 6*y**2 - 6*y + 3. Give n(x).
11
Suppose 3*m + 114 = 252. Suppose 0 = -s - v + 5, -4*v + 2*v = -5*s + m. Let y(f) = f**3 - 7*f**2 - 6*f - 6. Determine y(s).
10
Let b(j) be the first derivative of -162*j - 159*j + 11 + 321*j - 3*j**2. Determine b(1).
-6
Let o(n) = -n**3 - 4*n**2 + 5*n - 1. Let j(s) = -s**2 - 2. Let r(v) = j(v) + o(v). Suppose 0 = 5*f + 5*m + 25, 2 = 5*m - 3. Determine r(f).
3
Let u(p) = p**2 + 20*p - 15. Let f = 196 - 195. Let d(q) = -2*q - 1. Let t(z) = f*u(z) + 4*d(z). Determine t(-14).
9
Let h(x) = -42*x + 98. Let i(f) = 135*f - 290. Let r(k) = 10*h(k) + 3*i(k). Give r(7).
5
Let r = -13760 + 13793. Let m(k) = -4*k + 124. Determine m(r).
-8
Suppose 66*t - 15 = 69*t. Let i(v) = -1 - 3*v + 5*v - 3*v + 0. Calculate i(t).
4
Let w(i) = -6*i. Suppose 0 = 5*s - s - 2*a + 120, -3*s + 2*a = 91. Let k = s + 30. What is w(k)?
-6
Let s be 0/((7 - (-20)/(-4))/1). Let n(o) = -2*o**2 + 4*o - 18. Calculate n(s).
-18
Suppose -5*r + 5 = 0, -2*t - 2*r = -3*t + 7. Suppose -n + 7 = 4*j, -10 = t*n - 13*n + 2*j. Let l(u) = u**2 - 6*u + 4. What is l(n)?
-5
Let s(f) = -f**3 - 2*f**2 + 3*f + 1. Suppose 1214 = 54*p + 1322. Determine s(p).
-5
Let g(u) = u**3 - 156*u**2 - 636*u + 22. Let f be g(-4). Let m(q) be the first derivative of q**2 - 3 - f*q - 1/3*q**3. What is m(5)?
-21
Let n(v) = -v**3 + 19*v**2 + 2*v - 36. Suppose 175*p - 142*p - 627 = 0. What is n(p)?
2
Let z(o) be the first derivative of -o**3/3 - 2*o**2 + 2*o + 1625. Determine z(-6).
-10
Let g(z) = -z**3 + 6*z**2 + z - 8. Let v be g(6). Let k(r) be the first derivative of r**4/4 + 2*r**3/3 - r**2 + r - 602. Determine k(v).
5
Let b(r) = 10*r**2 + 5*r + 1. Let v be b(-7). Suppose 0*i + 8*i = v. Suppose -4*l - i = -21. Let h(m) = m**3 + 9*m**2 + 3. What is h(l)?
3
Let s(h) = -h**2 - 7*h + 10. Let x(z) = z**2 - z + 15. Let c be x(0). Let m(j) = 2*j - 37. Let q be m(c). Determine s(q).
10
Let q(g) be the second derivative of g**4/12 - 6*g**3 + 189*g**2/2 - 10*g - 337. Give q(7).
-14
Let n(p) be the third derivative of -p**6/30 + 7*p**5/10 - 5*p**4/6 - 2*p**3 - 5368*p**2. Calculate n(10).
-12
Let l = -26 - -15. Let j(w) be the third derivative of 7/6*w**3 + 50*w**2 + 0*w + 1/24*w**4 + 0. Give j(l).
-4
Let i(q) be the second derivative of -q**4/12 + 5*q**3/3 - 7*q**2/2 - 1685*q. Give i(9).
2
Suppose 0 = -4*h + 10 + 2. Let t be (1 + (-160)/(-15))*h. Let b(w) = 26*w - 2*w**2 - t*w + 0*w**2. What is b(-6)?
-18
Let q(z) be the second derivative of z**4/12 - 8*z**3/3 - 41*z**2/2 + 2652*z. Give q(18).
-5
Let n(t) = -113*t - 5436. Let a be n(-48). Let p(u) = u**3 + 10*u**2 - 24*u - 37. Give p(a).
-37
Let o(r) = -r**3 + 5*r**2 - 5*r + 2. Suppose -3*t = 70*l - 67*l - 15, -2*l = -14. Let x be ((-1)/3)/(1/(-9)). Let f be (-20)/(-4) - t/(x + -5). Determine o(f).
-2
Let b = 0 - 6. Suppose -2*j + 0 = -3*x + 12, -x - 2*j = 4. Let a(z) = 2 - z**2 - 5*z - z**x + 6*z**2 - 5*z**2. Give a(b).
-4
Let j be (-204)/9*(-5 - -3 - -5). Let y = 58 + j. Let d(b) = b**2 + 13*b + 13. Give d(y).
-17
Suppose -4*r + 0*x = 3*x - 14, r - 8 = -3*x. Let d(v) = -43 + 60 - 19 + 3*v - 2*v**r. Determine d(2).
-4
Let g(d) = -d**3 + 8